{"id":1102,"date":"2020-01-23T14:53:25","date_gmt":"2020-01-23T13:53:25","guid":{"rendered":"http:\/\/www.sedyne.es\/?page_id=1102\/"},"modified":"2020-01-23T14:53:45","modified_gmt":"2020-01-23T13:53:45","slug":"presentacion-comites-2019","status":"publish","type":"page","link":"https:\/\/www.sedyne.es\/es\/congreso\/congreso-2019\/presentacion-comites-2019\/","title":{"rendered":"Presentaci\u00f3n y comit\u00e9s 2019"},"content":{"rendered":"<p>Estimados\/as amigos\/as<\/p>\n<p>El Pr\u00f3ximo d\u00eda 1 de Marzo de 2019 celebraremos en Vitoria-Gasteiz el<strong> XXI Congreso de la Sociedad de Endocrinolog\u00eda, Diabetes y Nutrici\u00f3n de Euskadi.<\/strong><\/p>\n<p>De nuevo nos reuniremos para debatir ideas e intercambiar experiencias, para estar con viejos conocidos y para recibir a nuevos profesionales que se incorporan con ilusi\u00f3n al mundo de la Endocrinolog\u00eda.<\/p>\n<p>En este congreso se debatir\u00e1n temas como las novedades en el conocimiento de la Nutrici\u00f3n en \u00e1reas y situaciones espec\u00edficas: el paciente desnutrido, el paciente paliativo y oncol\u00f3gico en el que abarcaremos aspectos cl\u00ednicos y tambi\u00e9n \u00e9ticos.\u00a0 Se hablar\u00e1 tambi\u00e9n de aspectos cl\u00ednicos y b\u00e1sicos de la etiopatogenia de la obesidad y patolog\u00edas que por su frecuencia pudieran resultarnos poco conocidas. Intentaremos dar unas pinceladas\u00a0 sobre arte, la comunicaci\u00f3n con nuestros pacientes o los cambios que las nuevas tecnolog\u00edas suponen en nuestra forma de trabajar.<\/p>\n<p>Estamos esforz\u00e1ndonos en ofrecer un programa interesante, de alto nivel cient\u00edfico y tambi\u00e9n atractivo que nos permita avanzar en este apasionante mundo de mejora de nuestra especialidad siempre en evoluci\u00f3n.<\/p>\n<p>En SEDyNE llevamos muchos a\u00f1os intentando avanzar juntos en el camino de la Endocrinolog\u00eda, pero recordemos que, como dice Machado, <em>\u201cCaminante, no hay camino, se hace camino al andar\u201d<\/em>, y seguiremos caminando juntos para crear un sendero hacia un futuro de colaboraci\u00f3n y pasi\u00f3n por nuestra especialidad.<\/p>\n<p>Esperamos veros en Vitoria-Gasteiz que se abrir\u00e1, esperamos que esta vez sin nieves, para acogeros afectuosamente<\/p>\n<p>Agradeciendo de antemano vuestra colaboraci\u00f3n, os enviamos un cordial saludo,<\/p>\n<p>&nbsp;<\/p>\n<p style=\"text-align: center;\"><strong>Gonzalo Fernando Maldonado Castro<\/strong><br \/>\nPresidente Comit\u00e9 Organizador<\/p>\n<table>\n<tbody>\n<tr>\n<td style=\"vertical-align: top;\">\n<h3>COMIT\u00c9 ORGANIZADOR<\/h3>\n<p>Presidente:<br \/>\n<strong>Gonzalo Maldonado Castro<\/strong><\/p>\n<p>Secretaria:<br \/>\n<strong>M\u00aa Angeles Ant\u00f3n Miguel<\/strong><\/p>\n<p>Tesorera:<br \/>\n<strong>Leire Isasa Rodr\u00edguez<br \/>\n<\/strong><\/p>\n<p>Vocales:<br \/>\n<strong>Vanessa Arosa Carril<br \/>\nCarmen Fern\u00e1ndez L\u00f3pez<br \/>\nClara Fuentes G\u00f3mez<br \/>\nCarmen Elvira G\u00f3mez-Miranda<br \/>\nNatalia Gonz\u00e1lez Cabrera<br \/>\nLeire P\u00e9rez Garcia<br \/>\nMaider S\u00e1nchez Goitia<br \/>\nPilar Sierra Polo<br \/>\nSara Valle Rodr\u00edquez-Navas<br \/>\nM\u00aa Angeles Vicente <\/strong><\/p>\n<p><strong>\u00a0<\/strong><\/td>\n<td style=\"vertical-align: top;\">\n<h3>COMIT\u00c9 CIENT\u00cdFICO<\/h3>\n<p>Presidente:<br \/>\n<strong>Amelia Oleaga Alday<br \/>\n<\/strong><\/p>\n<p>Secretar\u00eda:<br \/>\n<strong>Rebeca S\u00e1nchez<\/strong><\/p>\n<p>Tesorero:<br \/>\n<strong>Leire Isasa Rodr\u00edguez<\/strong><\/p>\n<p>Vocales:<br \/>\n<strong>M\u00aa Luisa Antu\u00f1ano<br \/>\n<\/strong><strong>Pilar S\u00e1ez<br \/>\n<\/strong><strong>Yolanda Garc\u00eda<\/strong><strong><br \/>\n<\/strong><\/td>\n<\/tr>\n<\/tbody>\n<\/table>\n<h3><\/h3>\n<p>&nbsp;<\/p>\n<p>&nbsp;<\/p>\n","protected":false},"excerpt":{"rendered":"<p>Estimados\/as amigos\/as El Pr\u00f3ximo d\u00eda 1 de Marzo de 2019 celebraremos en Vitoria-Gasteiz el XXI Congreso de la Sociedad de Endocrinolog\u00eda, Diabetes y Nutrici\u00f3n de Euskadi. De nuevo nos reuniremos para debatir ideas e intercambiar experiencias, para estar con viejos conocidos y para recibir a nuevos profesionales que se incorporan con ilusi\u00f3n al mundo de [&hellip;]<\/p>\n","protected":false},"author":120,"featured_media":0,"parent":1015,"menu_order":0,"comment_status":"closed","ping_status":"closed","template":"","meta":{"footnotes":""},"class_list":["post-1102","page","type-page","status-publish","hentry"],"_links":{"self":[{"href":"https:\/\/www.sedyne.es\/es\/wp-json\/wp\/v2\/pages\/1102","targetHints":{"allow":["GET"]}}],"collection":[{"href":"https:\/\/www.sedyne.es\/es\/wp-json\/wp\/v2\/pages"}],"about":[{"href":"https:\/\/www.sedyne.es\/es\/wp-json\/wp\/v2\/types\/page"}],"author":[{"embeddable":true,"href":"https:\/\/www.sedyne.es\/es\/wp-json\/wp\/v2\/users\/120"}],"replies":[{"embeddable":true,"href":"https:\/\/www.sedyne.es\/es\/wp-json\/wp\/v2\/comments?post=1102"}],"version-history":[{"count":1,"href":"https:\/\/www.sedyne.es\/es\/wp-json\/wp\/v2\/pages\/1102\/revisions"}],"predecessor-version":[{"id":1103,"href":"https:\/\/www.sedyne.es\/es\/wp-json\/wp\/v2\/pages\/1102\/revisions\/1103"}],"up":[{"embeddable":true,"href":"https:\/\/www.sedyne.es\/es\/wp-json\/wp\/v2\/pages\/1015"}],"wp:attachment":[{"href":"https:\/\/www.sedyne.es\/es\/wp-json\/wp\/v2\/media?parent=1102"}],"curies":[{"name":"wp","href":"https:\/\/api.w.org\/{rel}","templated":true}]}}

Presentación y comités 2019

<p>Estimados/as amigos/as</p>
<p>El Próximo día 1 de Marzo de 2019 celebraremos en Vitoria-Gasteiz el<strong> XXI Congreso de la Sociedad de Endocrinología, Diabetes y Nutrición de Euskadi.</strong></p>
<p>De nuevo nos reuniremos para debatir ideas e intercambiar experiencias, para estar con viejos conocidos y para recibir a nuevos profesionales que se incorporan con ilusión al mundo de la Endocrinología.</p>
<p>En este congreso se debatirán temas como las novedades en el conocimiento de la Nutrición en áreas y situaciones específicas: el paciente desnutrido, el paciente paliativo y oncológico en el que abarcaremos aspectos clínicos y también éticos.  Se hablará también de aspectos clínicos y básicos de la etiopatogenia de la obesidad y patologías que por su frecuencia pudieran resultarnos poco conocidas. Intentaremos dar unas pinceladas  sobre arte, la comunicación con nuestros pacientes o los cambios que las nuevas tecnologías suponen en nuestra forma de trabajar.</p>
<p>Estamos esforzándonos en ofrecer un programa interesante, de alto nivel científico y también atractivo que nos permita avanzar en este apasionante mundo de mejora de nuestra especialidad siempre en evolución.</p>
<p>En SEDyNE llevamos muchos años intentando avanzar juntos en el camino de la Endocrinología, pero recordemos que, como dice Machado, <em>“Caminante, no hay camino, se hace camino al andar”</em>, y seguiremos caminando juntos para crear un sendero hacia un futuro de colaboración y pasión por nuestra especialidad.</p>
<p>Esperamos veros en Vitoria-Gasteiz que se abrirá, esperamos que esta vez sin nieves, para acogeros afectuosamente</p>
<p>Agradeciendo de antemano vuestra colaboración, os enviamos un cordial saludo,</p>
<p>&nbsp;</p>
<p style="text-align: center;"><strong>Gonzalo Fernando Maldonado Castro</strong><br />
Presidente Comité Organizador</p>
<table>
<tbody>
<tr>
<td style="vertical-align: top;">
<h3>COMITÉ ORGANIZADOR</h3>
<p>Presidente:<br />
<strong>Gonzalo Maldonado Castro</strong></p>
<p>Secretaria:<br />
<strong>Mª Angeles Antón Miguel</strong></p>
<p>Tesorera:<br />
<strong>Leire Isasa Rodríguez<br />
</strong></p>
<p>Vocales:<br />
<strong>Vanessa Arosa Carril<br />
Carmen Fernández López<br />
Clara Fuentes Gómez<br />
Carmen Elvira Gómez-Miranda<br />
Natalia González Cabrera<br />
Leire Pérez Garcia<br />
Maider Sánchez Goitia<br />
Pilar Sierra Polo<br />
Sara Valle Rodríquez-Navas<br />
Mª Angeles Vicente </strong></p>
<p><strong> </strong></td>
<td style="vertical-align: top;">
<h3>COMITÉ CIENTÍFICO</h3>
<p>Presidente:<br />
<strong>Amelia Oleaga Alday<br />
</strong></p>
<p>Secretaría:<br />
<strong>Rebeca Sánchez</strong></p>
<p>Tesorero:<br />
<strong>Leire Isasa Rodríguez</strong></p>
<p>Vocales:<br />
<strong>Mª Luisa Antuñano<br />
</strong><strong>Pilar Sáez<br />
</strong><strong>Yolanda García</strong><strong><br />
</strong></td>
</tr>
</tbody>
</table>
<h3></h3>
<p>&nbsp;</p>
<p>&nbsp;</p>

<p>Estimados/as amigos/as El Próximo día 1 de Marzo de 2019 celebraremos en Vitoria-Gasteiz el XXI Congreso de la Sociedad de Endocrinología, Diabetes y Nutrición de Euskadi. De nuevo nos reuniremos para debatir ideas e intercambiar experiencias, para estar con viejos conocidos y para recibir a nuevos profesionales que se incorporan con ilusión al mundo de [&hellip;]</p>
