{"id":1731,"date":"2022-02-24T10:44:29","date_gmt":"2022-02-24T09:44:29","guid":{"rendered":"https:\/\/www.sedyne.es\/?page_id=1731\/"},"modified":"2022-07-21T13:54:08","modified_gmt":"2022-07-21T12:54:08","slug":"congreso-2021","status":"publish","type":"page","link":"https:\/\/www.sedyne.es\/es\/congreso\/congreso-2021\/","title":{"rendered":"Congreso 2021"},"content":{"rendered":"<h2><strong>XXII Congreso<\/strong> de la Sociedad de Endocrinolog\u00eda, Diabetes y Nutrici\u00f3n de Euskadi<\/h2>\n<p><strong>Donostia-San Sebasti\u00e1n. <\/strong><\/p>\n<h6><strong>7 de Mayo de 2021<\/strong><\/h6>\n<h3><a href=\"\/es\/congreso\/congreso-2021\/presentacion\/\">Presentaci\u00f3n<\/a><\/h3>\n<h3><a href=\"\/es\/congreso\/congreso-2021\/programa\/\">Programa<\/a><\/h3>\n<h3><a href=\"\/es\/congreso\/congreso-2021\/inscripciones\/\">Inscripciones<\/a><\/h3>\n<h3><a href=\"\/es\/congreso\/congreso-2021\/comunicaciones\/\">Comunicaciones<\/a><\/h3>\n","protected":false},"excerpt":{"rendered":"<p>XXII Congreso de la Sociedad de Endocrinolog\u00eda, Diabetes y Nutrici\u00f3n de Euskadi Donostia-San Sebasti\u00e1n. 7 de Mayo de 2021 Presentaci\u00f3n Programa Inscripciones Comunicaciones<\/p>\n","protected":false},"author":120,"featured_media":0,"parent":61,"menu_order":0,"comment_status":"closed","ping_status":"closed","template":"","meta":{"footnotes":""},"class_list":["post-1731","page","type-page","status-publish","hentry"],"_links":{"self":[{"href":"https:\/\/www.sedyne.es\/es\/wp-json\/wp\/v2\/pages\/1731","targetHints":{"allow":["GET"]}}],"collection":[{"href":"https:\/\/www.sedyne.es\/es\/wp-json\/wp\/v2\/pages"}],"about":[{"href":"https:\/\/www.sedyne.es\/es\/wp-json\/wp\/v2\/types\/page"}],"author":[{"embeddable":true,"href":"https:\/\/www.sedyne.es\/es\/wp-json\/wp\/v2\/users\/120"}],"replies":[{"embeddable":true,"href":"https:\/\/www.sedyne.es\/es\/wp-json\/wp\/v2\/comments?post=1731"}],"version-history":[{"count":5,"href":"https:\/\/www.sedyne.es\/es\/wp-json\/wp\/v2\/pages\/1731\/revisions"}],"predecessor-version":[{"id":2078,"href":"https:\/\/www.sedyne.es\/es\/wp-json\/wp\/v2\/pages\/1731\/revisions\/2078"}],"up":[{"embeddable":true,"href":"https:\/\/www.sedyne.es\/es\/wp-json\/wp\/v2\/pages\/61"}],"wp:attachment":[{"href":"https:\/\/www.sedyne.es\/es\/wp-json\/wp\/v2\/media?parent=1731"}],"curies":[{"name":"wp","href":"https:\/\/api.w.org\/{rel}","templated":true}]}}

<h2><strong>XXII Congreso</strong> de la Sociedad de Endocrinología, Diabetes y Nutrición de Euskadi</h2>
<p><strong>Donostia-San Sebastián. </strong></p>
<h6><strong>7 de Mayo de 2021</strong></h6>
<h3><a href="/es/congreso/congreso-2021/presentacion/">Presentación</a></h3>
<h3><a href="/es/congreso/congreso-2021/programa/">Programa</a></h3>
<h3><a href="/es/congreso/congreso-2021/inscripciones/">Inscripciones</a></h3>
<h3><a href="/es/congreso/congreso-2021/comunicaciones/">Comunicaciones</a></h3>

<p>XXII Congreso de la Sociedad de Endocrinología, Diabetes y Nutrición de Euskadi Donostia-San Sebastián. 7 de Mayo de 2021 Presentación Programa Inscripciones Comunicaciones</p>
