{"id":2063,"date":"2022-07-21T13:40:08","date_gmt":"2022-07-21T12:40:08","guid":{"rendered":"https:\/\/www.sedyne.es\/?page_id=2063\/"},"modified":"2022-07-21T13:42:05","modified_gmt":"2022-07-21T12:42:05","slug":"presentacion-y-comites","status":"publish","type":"page","link":"https:\/\/www.sedyne.es\/es\/congreso\/congreso-2022\/presentacion-y-comites\/","title":{"rendered":"Presentaci\u00f3n y comit\u00e9s 2022"},"content":{"rendered":"<h2><\/h2>\n<p>Estimad@s soci@s y amig@s,<\/p>\n<p>El pr\u00f3ximo d\u00eda\u00a0<strong>13 de mayo<\/strong>\u00a0celebraremos el\u00a0<strong>XXIII Congreso SEDyNE<\/strong>\u00a0en Bilbao, en la Sociedad Bilbaina (C\/Navarra, 1). \u00a0En las circunstancias actuales no estamos seguros de que podamos realizarlo \u00fanicamente de forma presencial, pero as\u00ed lo estamos organizando y adem\u00e1s con mucha ilusi\u00f3n. Si llegada la fecha, las circunstancias nos obligan a tener un aforo reducido, se realizar\u00e1 de forma mixta (online y presencial) para hacer posible la participaci\u00f3n de todos los socios.<\/p>\n<p>El formato del Congreso ser\u00e1 el habitual, en formato de ma\u00f1ana y tarde, con Reuniones Conjuntas y de forma separada para Educador@s Terap\u00e9uticas en Diabetes.<\/p>\n<p>Os animamos a que envi\u00e9is Comunicaciones de vuestros trabajos o estudios y la fecha l\u00edmite para env\u00edo de res\u00famenes ser\u00e1 el 19 de Abril de 2022.<\/p>\n<p>Ya de antemano, queremos agradecer la colaboraci\u00f3n de los patrocinadores, que cada a\u00f1o, con sus contribuciones, facilitan y hacen posible esta reuni\u00f3n cient\u00edfica.<\/p>\n<p>Esperamos con ilusi\u00f3n poder reunirnos de nuevo y a trav\u00e9s de esta entra\u00f1able jornada cient\u00edfica mantener ese contacto tan necesario entre todos nosotros y dar continuidad a las actividades de nuestra Sociedad.<\/p>\n<p style=\"text-align: center;\"><strong>Yolanda Garc\u00eda Fern\u00e1ndez<br \/>\n<\/strong>Batzorde Antolatzailearen Zuzendaria<strong><br \/>\n<\/strong>Presidenta del Comit\u00e9 Organizador<\/p>\n<table>\n<tbody>\n<tr>\n<td style=\"vertical-align: top;\">\n<h3>COMIT\u00c9 ORGANIZADOR<\/h3>\n<p>Presidente:<br \/>\n<strong>Dra. Yolanda Garc\u00eda Fern\u00e1ndez<\/strong><\/p>\n<p>Secretaria:<br \/>\n<strong>Dra. A\u00edda Cadenas Gonzalez<\/strong><\/p>\n<p>Tesorera:<br \/>\n<strong>Dra. Sara Valle Rodriguez-Navas<br \/>\n<\/strong><\/p>\n<p>Vocales:<br \/>\n<strong>Dr. Ram\u00f3n Arteaga Fuentes<\/strong><strong><br \/>\nDra. Maddalen Dublang Irazabal<br \/>\nDr. Jorge Hern\u00e1ndez Hern\u00e1ndez<br \/>\nDr. Aitor Icobalceta Narbaiza<br \/>\nDra. Almudena Ruiz Molina<br \/>\nDra. Mar\u00eda Picallo P\u00e9rez<br \/>\nDUE Marta Camarero Erdoiza<br \/>\nDUE Mari \u00c1ngeles Villahoz Iglesias<br \/>\nDUE Ainhoa Zarandona del Campo<br \/>\nDUE Gloria Lav\u00edn Bollain<br \/>\nDUE Maria Cubo Cossio<br \/>\nDUE Irma Hidalgo M\u00e1laga<br \/>\nDUE Nekane Crespo Barriento<br \/>\nDUE Unai P\u00e9rez Dominguez<br \/>\nDUE Lina Marcela Ram\u00edrez Garc\u00eda<br \/>\nDUE Ruth Marcos Santamar\u00eda<br \/>\nNutricionista Sonia Ibarretxe Guaresti<\/strong><strong>\u00a0<\/strong><\/td>\n<td style=\"vertical-align: top;\">\n<h3>COMIT\u00c9 CIENT\u00cdFICO<\/h3>\n<p>Presidenta:<br \/>\n<strong>Dra. Yolanda Garc\u00eda<\/strong><\/p>\n<p>Secretaria:<br \/>\n<strong>Dra. R<\/strong><strong>ebeca S\u00e1nchez<\/strong><\/p>\n<p>Vocales:<br \/>\n<strong>Dra. Leire Isasa<br \/>\n<\/strong><strong>DUE Marta Camarero<br \/>\n<\/strong><strong>Dra. Maite Guim\u00f3n<br \/>\n<\/strong><strong>Dr. Josu P\u00e9rez<\/strong><\/p>\n<p>&nbsp;<\/td>\n<\/tr>\n<\/tbody>\n<\/table>\n<p>&nbsp;<\/p>\n<p>&nbsp;<\/p>\n<p>&nbsp;<\/p>\n<p>&nbsp;<\/p>\n<p>&nbsp;<\/p>\n","protected":false},"excerpt":{"rendered":"<p>Estimad@s soci@s y amig@s, El pr\u00f3ximo d\u00eda\u00a013 de mayo\u00a0celebraremos el\u00a0XXIII Congreso SEDyNE\u00a0en Bilbao, en la Sociedad Bilbaina (C\/Navarra, 1). \u00a0En las circunstancias actuales no estamos seguros de que podamos realizarlo \u00fanicamente de forma presencial, pero as\u00ed lo estamos organizando y adem\u00e1s con mucha ilusi\u00f3n. Si llegada la fecha, las circunstancias nos obligan a tener un [&hellip;]<\/p>\n","protected":false},"author":121,"featured_media":0,"parent":2060,"menu_order":0,"comment_status":"closed","ping_status":"closed","template":"","meta":{"footnotes":""},"class_list":["post-2063","page","type-page","status-publish","hentry"],"_links":{"self":[{"href":"https:\/\/www.sedyne.es\/es\/wp-json\/wp\/v2\/pages\/2063","targetHints":{"allow":["GET"]}}],"collection":[{"href":"https:\/\/www.sedyne.es\/es\/wp-json\/wp\/v2\/pages"}],"about":[{"href":"https:\/\/www.sedyne.es\/es\/wp-json\/wp\/v2\/types\/page"}],"author":[{"embeddable":true,"href":"https:\/\/www.sedyne.es\/es\/wp-json\/wp\/v2\/users\/121"}],"replies":[{"embeddable":true,"href":"https:\/\/www.sedyne.es\/es\/wp-json\/wp\/v2\/comments?post=2063"}],"version-history":[{"count":1,"href":"https:\/\/www.sedyne.es\/es\/wp-json\/wp\/v2\/pages\/2063\/revisions"}],"predecessor-version":[{"id":2066,"href":"https:\/\/www.sedyne.es\/es\/wp-json\/wp\/v2\/pages\/2063\/revisions\/2066"}],"up":[{"embeddable":true,"href":"https:\/\/www.sedyne.es\/es\/wp-json\/wp\/v2\/pages\/2060"}],"wp:attachment":[{"href":"https:\/\/www.sedyne.es\/es\/wp-json\/wp\/v2\/media?parent=2063"}],"curies":[{"name":"wp","href":"https:\/\/api.w.org\/{rel}","templated":true}]}}

Presentación y comités 2022

<h2></h2>
<p>Estimad@s soci@s y amig@s,</p>
<p>El próximo día <strong>13 de mayo</strong> celebraremos el <strong>XXIII Congreso SEDyNE</strong> en Bilbao, en la Sociedad Bilbaina (C/Navarra, 1).  En las circunstancias actuales no estamos seguros de que podamos realizarlo únicamente de forma presencial, pero así lo estamos organizando y además con mucha ilusión. Si llegada la fecha, las circunstancias nos obligan a tener un aforo reducido, se realizará de forma mixta (online y presencial) para hacer posible la participación de todos los socios.</p>
<p>El formato del Congreso será el habitual, en formato de mañana y tarde, con Reuniones Conjuntas y de forma separada para Educador@s Terapéuticas en Diabetes.</p>
<p>Os animamos a que enviéis Comunicaciones de vuestros trabajos o estudios y la fecha límite para envío de resúmenes será el 19 de Abril de 2022.</p>
<p>Ya de antemano, queremos agradecer la colaboración de los patrocinadores, que cada año, con sus contribuciones, facilitan y hacen posible esta reunión científica.</p>
<p>Esperamos con ilusión poder reunirnos de nuevo y a través de esta entrañable jornada científica mantener ese contacto tan necesario entre todos nosotros y dar continuidad a las actividades de nuestra Sociedad.</p>
<p style="text-align: center;"><strong>Yolanda García Fernández<br />
</strong>Batzorde Antolatzailearen Zuzendaria<strong><br />
</strong>Presidenta del Comité Organizador</p>
<table>
<tbody>
<tr>
<td style="vertical-align: top;">
<h3>COMITÉ ORGANIZADOR</h3>
<p>Presidente:<br />
<strong>Dra. Yolanda García Fernández</strong></p>
<p>Secretaria:<br />
<strong>Dra. Aída Cadenas Gonzalez</strong></p>
<p>Tesorera:<br />
<strong>Dra. Sara Valle Rodriguez-Navas<br />
</strong></p>
<p>Vocales:<br />
<strong>Dr. Ramón Arteaga Fuentes</strong><strong><br />
Dra. Maddalen Dublang Irazabal<br />
Dr. Jorge Hernández Hernández<br />
Dr. Aitor Icobalceta Narbaiza<br />
Dra. Almudena Ruiz Molina<br />
Dra. María Picallo Pérez<br />
DUE Marta Camarero Erdoiza<br />
DUE Mari Ángeles Villahoz Iglesias<br />
DUE Ainhoa Zarandona del Campo<br />
DUE Gloria Lavín Bollain<br />
DUE Maria Cubo Cossio<br />
DUE Irma Hidalgo Málaga<br />
DUE Nekane Crespo Barriento<br />
DUE Unai Pérez Dominguez<br />
DUE Lina Marcela Ramírez García<br />
DUE Ruth Marcos Santamaría<br />
Nutricionista Sonia Ibarretxe Guaresti</strong><strong> </strong></td>
<td style="vertical-align: top;">
<h3>COMITÉ CIENTÍFICO</h3>
<p>Presidenta:<br />
<strong>Dra. Yolanda García</strong></p>
<p>Secretaria:<br />
<strong>Dra. R</strong><strong>ebeca Sánchez</strong></p>
<p>Vocales:<br />
<strong>Dra. Leire Isasa<br />
</strong><strong>DUE Marta Camarero<br />
</strong><strong>Dra. Maite Guimón<br />
</strong><strong>Dr. Josu Pérez</strong></p>
<p>&nbsp;</td>
</tr>
</tbody>
</table>
<p>&nbsp;</p>
<p>&nbsp;</p>
<p>&nbsp;</p>
<p>&nbsp;</p>
<p>&nbsp;</p>

<p>Estimad@s soci@s y amig@s, El próximo día 13 de mayo celebraremos el XXIII Congreso SEDyNE en Bilbao, en la Sociedad Bilbaina (C/Navarra, 1).  En las circunstancias actuales no estamos seguros de que podamos realizarlo únicamente de forma presencial, pero así lo estamos organizando y además con mucha ilusión. Si llegada la fecha, las circunstancias nos obligan a tener un [&hellip;]</p>
