{"id":2073,"date":"2022-07-21T13:46:23","date_gmt":"2022-07-21T12:46:23","guid":{"rendered":"https:\/\/www.sedyne.es\/?page_id=2073\/"},"modified":"2022-07-21T13:55:52","modified_gmt":"2022-07-21T12:55:52","slug":"comunicaciones","status":"publish","type":"page","link":"https:\/\/www.sedyne.es\/es\/congreso\/congreso-2022\/comunicaciones\/","title":{"rendered":"Comunicaciones 2022"},"content":{"rendered":"<p><strong>FECHA L\u00cdMITE DE RECEPCI\u00d3N DE RES\u00daMENES DE COMUNICACIONES:\u00a0 \u00a0 \u00a0<del>1<\/del><\/strong><strong><del>9-04-2022<\/del>\u00a0\u00a0\u00a0\u00a021-04-2022<\/strong><\/p>\n<p>TODOS LOS RES\u00daMENES SE PRESENTAR\u00c1N A TRAV\u00c9S DE LA WEB<\/p>\n<ul>\n<li>El resumen debe contener:\u00a0 Introducci\u00f3n, Metodolog\u00eda, Resultados y Conclusiones.<\/li>\n<li>M\u00e1ximo 4000 caracteres (con espacios). Tipo de letra: Arial 11.<\/li>\n<li>Los datos identificativos deben indicarse en el formulario.\u00a0 En ning\u00fan caso deben incluirse en el resumen. <strong>Si los coautores no se registran en el campo habilitado a tal fin dentro del formulario, no aparecer\u00e1n en el libro de comunicaciones y tampoco en los certificados<\/strong>.<\/li>\n<\/ul>\n<table style=\"height: 68px;\" width=\"300\">\n<tbody>\n<tr>\n<td>\n<h3 style=\"text-align: left;\"><span style=\"background-color: #3366ff; color: #ffffff;\"><strong><a href=\"https:\/\/tisa.teventos.com\/sedyne22\/es\/mods\/envio-de-comunicaciones\" target=\"_blank\" rel=\"noopener noreferrer\"><img loading=\"lazy\" decoding=\"async\" class=\"alignright wp-image-1885\" src=\"https:\/\/www.sedyne.es\/wp-content\/uploads\/2017\/10\/hacer-clic.png\" alt=\"\" width=\"67\" height=\"67\" srcset=\"https:\/\/www.sedyne.es\/wp-content\/uploads\/2017\/10\/hacer-clic.png 512w, https:\/\/www.sedyne.es\/wp-content\/uploads\/2017\/10\/hacer-clic-150x150.png 150w, https:\/\/www.sedyne.es\/wp-content\/uploads\/2017\/10\/hacer-clic-300x300.png 300w, https:\/\/www.sedyne.es\/wp-content\/uploads\/2017\/10\/hacer-clic-420x420.png 420w\" sizes=\"auto, (max-width: 67px) 100vw, 67px\" \/><\/a><\/strong><\/span><\/h3>\n<\/td>\n<td>\n<h3 style=\"text-align: center;\"><span style=\"color: #ffffff; background-color: #4d9ef0;\"><em><a style=\"color: #ffffff; background-color: #4d9ef0;\" href=\"https:\/\/tisa.teventos.com\/sedyne22\/es\/mods\/envio-de-comunicaciones\" target=\"_blank\" rel=\"noopener noreferrer\"><strong>ENVIAR RESUMEN<\/strong><\/a><\/em><\/span><\/h3>\n<\/td>\n<td>\n<h3 style=\"text-align: left;\"><span style=\"background-color: #3366ff; color: #ffffff;\"><strong><a href=\"https:\/\/tisa.teventos.com\/sedyne22\/es\/mods\/envio-de-comunicaciones\" target=\"_blank\" rel=\"noopener noreferrer\"><img loading=\"lazy\" decoding=\"async\" class=\"alignleft wp-image-1885\" src=\"https:\/\/www.sedyne.es\/wp-content\/uploads\/2017\/10\/hacer-clic.png\" alt=\"\" width=\"67\" height=\"67\" srcset=\"https:\/\/www.sedyne.es\/wp-content\/uploads\/2017\/10\/hacer-clic.png 512w, https:\/\/www.sedyne.es\/wp-content\/uploads\/2017\/10\/hacer-clic-150x150.png 150w, https:\/\/www.sedyne.es\/wp-content\/uploads\/2017\/10\/hacer-clic-300x300.png 300w, https:\/\/www.sedyne.es\/wp-content\/uploads\/2017\/10\/hacer-clic-420x420.png 420w\" sizes=\"auto, (max-width: 67px) 100vw, 67px\" \/><\/a><\/strong><\/span><\/h3>\n<\/td>\n<\/tr>\n<\/tbody>\n<\/table>\n<h6 style=\"text-align: left;\"><\/h6>\n<p style=\"text-align: left;\"><strong>Normas de PRESENTACI\u00d3N de Comunicaciones durante el Congreso:<br \/>\n<\/strong>Dispondr\u00e1 de 5 minutos para defender cada comunicaci\u00f3n.<br \/>\nPuede utilizar un m\u00e1ximo de 2 diapositivas (pps) para cada comunicaci\u00f3n.<\/p>\n<ul>\n<li>Diapositiva 1 &#8211; Material y m\u00e9todos<\/li>\n<li>Diapositiva 2 &#8211; Resultados y conclusiones<\/li>\n<\/ul>\n<hr \/>\n<p><strong>HORARIO, SALA Y ORDEN DE EXPOSICI\u00d3N de Comunicaciones durante el CONGRESO:<\/strong><\/p>\n<p><strong><span style=\"color: #3366ff;\">13:00 &#8211; 14:00 h.<\/span><\/strong><\/p>\n<table width=\"633\">\n<tbody>\n<tr>\n<td width=\"633\"><em><strong>Comunicaciones Orales 1 <\/strong><\/em><em>\u2013<\/em> <span style=\"color: #008000;\"><strong><u>Sal\u00f3n Franc\u00e9s<br \/>\n<\/u><\/strong><\/span><strong><span style=\"color: #008000;\">Moderadoras:<br \/>\n<\/span><\/strong><strong>Dra. Ihintza Larra\u00f1aga.\u00a0\u00a0<\/strong>Servicio de Endocrinolog\u00eda y Nutrici\u00f3n. Hospital Mendaro. OSI Debabarrena.<strong><br \/>\n<\/strong><strong>Dra. Carmela Teresa Manrique.\u00a0\u00a0<\/strong>Servicio de Endocrinolog\u00eda y Nutrici\u00f3n. Hospital Urduliz. OSI Uribe.<\/td>\n<\/tr>\n<\/tbody>\n<\/table>\n<p>&nbsp;<\/p>\n<table width=\"633\">\n<tbody>\n<tr>\n<td width=\"28\"><\/td>\n<td width=\"605\"><strong>T\u00edtulo<\/strong><\/td>\n<\/tr>\n<tr>\n<td width=\"28\">1<\/td>\n<td width=\"605\">La importancia de la educaci\u00f3n diabetol\u00f3gica en pacientes con resistencia a la insulina grave: a prop\u00f3sito, un caso.<\/td>\n<\/tr>\n<tr>\n<td width=\"28\">2<\/td>\n<td width=\"605\">Diagn\u00f3stico de desnutrici\u00f3n por criterios GLIM en pacientes ingresados en oncolog\u00eda, digestivo y cirug\u00eda de OSI Barrualde-Galdakao.<\/td>\n<\/tr>\n<tr>\n<td width=\"28\">3<\/td>\n<td width=\"605\">An\u00e1lisis cl\u00ednico de los pacientes ingresados por patolog\u00edas tumorales e inflamatorias en relaci\u00f3n a la desnutrici\u00f3n relacionada con la enfermedad.<\/td>\n<\/tr>\n<tr>\n<td width=\"28\">4<\/td>\n<td width=\"605\">Codificaci\u00f3n de desnutrici\u00f3n, sarcopenia, disfagia y gastrostom\u00eda en tres servicios del hospital Galdakao-Usansolo antes y durante la realizaci\u00f3n de un estudio de intervenci\u00f3n nutricional.<\/td>\n<\/tr>\n<tr>\n<td width=\"28\">5<\/td>\n<td width=\"605\">Tiroiditis subaguda tras vacuna ARNm contra COVID-19<\/td>\n<\/tr>\n<tr>\n<td width=\"28\">6<\/td>\n<td width=\"605\">Estudio observacional de eficacia del tratamiento con el agonista del receptor de GLP1, dulaglutide, en pacientes con Diabetes mellitus tipo 2: Estudio en vida real en consultas de Endocrinolog\u00eda.<\/td>\n<\/tr>\n<tr>\n<td width=\"28\">7<\/td>\n<td width=\"605\">Impacto sobre el control gluc\u00e9mico de la implementaci\u00f3n de sistemas de asa cerrada h\u00edbridos en pacientes con DM1 en nuestro medio.<\/td>\n<\/tr>\n<tr>\n<td width=\"28\">8<\/td>\n<td width=\"605\">\u00bfYo lipos? Nooooo.<\/td>\n<\/tr>\n<tr>\n<td width=\"28\">9<\/td>\n<td width=\"605\">Gesti\u00f3n de la funci\u00f3n tiroidea durante el embarazo: Resultados obst\u00e9trico-perinatales.<\/td>\n<\/tr>\n<tr>\n<td width=\"28\">10<\/td>\n<td width=\"605\">Lipodistrofia parcial familiar tipo 2 o S\u00edndrome de Dunnigan: caso cl\u00ednico<\/td>\n<\/tr>\n<tr>\n<td width=\"28\">11<\/td>\n<td width=\"605\">Carcinoma diferenciado de tiroides (CDT): \u00bfirve la tiroglobulina (Tg) postoperatoria como factor para predecir la recidiva a largo plazo?<\/td>\n<\/tr>\n<\/tbody>\n<\/table>\n<p>&nbsp;<\/p>\n<p><strong><span style=\"color: #3366ff;\">13:00 &#8211; 14:00 h.<\/span><\/strong><\/p>\n<table width=\"633\">\n<tbody>\n<tr>\n<td width=\"633\"><em><strong>Comunicaciones Orales 2\u00a0<\/strong><\/em><em>\u2013<\/em>\u00a0<span style=\"color: #008000;\"><strong><u><span style=\"color: #ff6600;\">Sal\u00f3n M\u00fasica<\/span><br \/>\n<\/u><\/strong><\/span><strong><span style=\"color: #008000;\">Moderadores:<br \/>\n<\/span><\/strong><strong>Dr. V\u00edctor de Diego.\u00a0\u00a0<\/strong>Servicio de Endocrinolog\u00eda y Nutrici\u00f3n. Hospital Universitario Araba. OSI Araba.<strong><br \/>\n<\/strong><strong>Dra. Leire Agea.\u00a0\u00a0<\/strong>Servicio de Endocrinolog\u00eda y Nutrici\u00f3n. Hospital Universitario Araba. OSI Araba.<\/td>\n<\/tr>\n<\/tbody>\n<\/table>\n<p>&nbsp;<\/p>\n<table width=\"633\">\n<tbody>\n<tr>\n<td width=\"28\"><\/td>\n<td width=\"605\"><strong>T\u00edtulo<\/strong><\/td>\n<\/tr>\n<tr>\n<td width=\"28\">12<\/td>\n<td width=\"605\">Miopat\u00eda necrotizante: El precio de la estatinizaci\u00f3n masiva.<\/td>\n<\/tr>\n<tr>\n<td width=\"28\">13<\/td>\n<td width=\"605\">Ablaci\u00f3n por radiofrecuencia como tratamiento del hiperparatiroidismo primario. A prop\u00f3sito de un caso.<\/td>\n<\/tr>\n<tr>\n<td width=\"28\">14<\/td>\n<td width=\"605\">M\u00e1s all\u00e1 del IMC: Valoraci\u00f3n morfofuncional de los pacientes con distrofia miot\u00f3nica tipo 1 y su relaci\u00f3n con la escala MIRS.<\/td>\n<\/tr>\n<tr>\n<td width=\"28\">15<\/td>\n<td width=\"605\">Actividad de la unidad de Nutrici\u00f3n Cl\u00ednica del H.U. Basurto desde su creaci\u00f3n<\/td>\n<\/tr>\n<tr>\n<td width=\"28\">16<\/td>\n<td width=\"605\">Nutrici\u00f3n parenteral paliativa.<\/td>\n<\/tr>\n<tr>\n<td width=\"28\">17<\/td>\n<td width=\"605\">Locura mixedematosa: a prop\u00f3sito de un caso.<\/td>\n<\/tr>\n<tr>\n<td width=\"28\">18<\/td>\n<td width=\"605\">Caso cl\u00ednico: Sepsis estafiloc\u00f3cica relacionada con el dispositivo FREESTYLE LIBRE.<\/td>\n<\/tr>\n<tr>\n<td width=\"28\">19<\/td>\n<td width=\"605\">Adecuaci\u00f3n del control metab\u00f3lico y tratamiento en pacientes ancianos con DM2 en funci\u00f3n de su capacidad funcional y comorbilidad. COMETA-DM. Descripci\u00f3n de la poblaci\u00f3n a estudio.<\/td>\n<\/tr>\n<tr>\n<td width=\"28\">20<\/td>\n<td width=\"605\">Cambios de tendencia en las caracter\u00edsticas demogr\u00e1ficas y morbilidad de la poblaci\u00f3n transg\u00e9nero de Euskadi<\/td>\n<\/tr>\n<tr>\n<td width=\"28\">21<\/td>\n<td width=\"605\">Diabetes ins\u00edpida central familiar.<\/td>\n<\/tr>\n<tr>\n<td width=\"28\">22<\/td>\n<td width=\"605\">Fiabilidad del \u00edndice de Viteri como m\u00e9todo de estimaci\u00f3n del peso corporal.<\/td>\n<\/tr>\n<\/tbody>\n<\/table>\n<p>&nbsp;<\/p>\n<p><strong>Recuerde tener su comunicaci\u00f3n previamente cargada en el ordenador de la sala que le corresponde, por favor. Puede hacerlo antes del inicio de las conferencias y en la pausa caf\u00e9.<\/strong><\/p>\n<p><strong>Secretar\u00eda<br \/>\n<\/strong>Tisa Congresos &#8211; Tel. \u00a0944 243 997\u00a0<a href=\"mailto:sedyne@tisasa.es\">sedyne@tisasa.es<\/a><\/p>\n","protected":false},"excerpt":{"rendered":"<p>FECHA L\u00cdMITE DE RECEPCI\u00d3N DE RES\u00daMENES DE COMUNICACIONES:\u00a0 \u00a0 \u00a019-04-2022\u00a0\u00a0\u00a0\u00a021-04-2022 TODOS LOS RES\u00daMENES SE PRESENTAR\u00c1N A TRAV\u00c9S DE LA WEB El resumen debe contener:\u00a0 Introducci\u00f3n, Metodolog\u00eda, Resultados y Conclusiones. M\u00e1ximo 4000 caracteres (con espacios). Tipo de letra: Arial 11. Los datos identificativos deben indicarse en el formulario.\u00a0 En ning\u00fan caso deben incluirse en el resumen. [&hellip;]<\/p>\n","protected":false},"author":121,"featured_media":0,"parent":2060,"menu_order":3,"comment_status":"closed","ping_status":"closed","template":"","meta":{"footnotes":""},"class_list":["post-2073","page","type-page","status-publish","hentry"],"_links":{"self":[{"href":"https:\/\/www.sedyne.es\/es\/wp-json\/wp\/v2\/pages\/2073","targetHints":{"allow":["GET"]}}],"collection":[{"href":"https:\/\/www.sedyne.es\/es\/wp-json\/wp\/v2\/pages"}],"about":[{"href":"https:\/\/www.sedyne.es\/es\/wp-json\/wp\/v2\/types\/page"}],"author":[{"embeddable":true,"href":"https:\/\/www.sedyne.es\/es\/wp-json\/wp\/v2\/users\/121"}],"replies":[{"embeddable":true,"href":"https:\/\/www.sedyne.es\/es\/wp-json\/wp\/v2\/comments?post=2073"}],"version-history":[{"count":1,"href":"https:\/\/www.sedyne.es\/es\/wp-json\/wp\/v2\/pages\/2073\/revisions"}],"predecessor-version":[{"id":2075,"href":"https:\/\/www.sedyne.es\/es\/wp-json\/wp\/v2\/pages\/2073\/revisions\/2075"}],"up":[{"embeddable":true,"href":"https:\/\/www.sedyne.es\/es\/wp-json\/wp\/v2\/pages\/2060"}],"wp:attachment":[{"href":"https:\/\/www.sedyne.es\/es\/wp-json\/wp\/v2\/media?parent=2073"}],"curies":[{"name":"wp","href":"https:\/\/api.w.org\/{rel}","templated":true}]}}

<p><strong>FECHA LÍMITE DE RECEPCIÓN DE RESÚMENES DE COMUNICACIONES:     <del>1</del></strong><strong><del>9-04-2022</del>    21-04-2022</strong></p>
<p>TODOS LOS RESÚMENES SE PRESENTARÁN A TRAVÉS DE LA WEB</p>
<ul>
<li>El resumen debe contener:  Introducción, Metodología, Resultados y Conclusiones.</li>
<li>Máximo 4000 caracteres (con espacios). Tipo de letra: Arial 11.</li>
<li>Los datos identificativos deben indicarse en el formulario.  En ningún caso deben incluirse en el resumen. <strong>Si los coautores no se registran en el campo habilitado a tal fin dentro del formulario, no aparecerán en el libro de comunicaciones y tampoco en los certificados</strong>.</li>
</ul>
<table style="height: 68px;" width="300">
<tbody>
<tr>
<td>
<h3 style="text-align: left;"><span style="background-color: #3366ff; color: #ffffff;"><strong><a href="https://tisa.teventos.com/sedyne22/es/mods/envio-de-comunicaciones" target="_blank" rel="noopener noreferrer"><img loading="lazy" decoding="async" class="alignright wp-image-1885" src="https://www.sedyne.es/wp-content/uploads/2017/10/hacer-clic.png" alt="" width="67" height="67" srcset="https://www.sedyne.es/wp-content/uploads/2017/10/hacer-clic.png 512w, https://www.sedyne.es/wp-content/uploads/2017/10/hacer-clic-150x150.png 150w, https://www.sedyne.es/wp-content/uploads/2017/10/hacer-clic-300x300.png 300w, https://www.sedyne.es/wp-content/uploads/2017/10/hacer-clic-420x420.png 420w" sizes="auto, (max-width: 67px) 100vw, 67px" /></a></strong></span></h3>
</td>
<td>
<h3 style="text-align: center;"><span style="color: #ffffff; background-color: #4d9ef0;"><em><a style="color: #ffffff; background-color: #4d9ef0;" href="https://tisa.teventos.com/sedyne22/es/mods/envio-de-comunicaciones" target="_blank" rel="noopener noreferrer"><strong>ENVIAR RESUMEN</strong></a></em></span></h3>
</td>
<td>
<h3 style="text-align: left;"><span style="background-color: #3366ff; color: #ffffff;"><strong><a href="https://tisa.teventos.com/sedyne22/es/mods/envio-de-comunicaciones" target="_blank" rel="noopener noreferrer"><img loading="lazy" decoding="async" class="alignleft wp-image-1885" src="https://www.sedyne.es/wp-content/uploads/2017/10/hacer-clic.png" alt="" width="67" height="67" srcset="https://www.sedyne.es/wp-content/uploads/2017/10/hacer-clic.png 512w, https://www.sedyne.es/wp-content/uploads/2017/10/hacer-clic-150x150.png 150w, https://www.sedyne.es/wp-content/uploads/2017/10/hacer-clic-300x300.png 300w, https://www.sedyne.es/wp-content/uploads/2017/10/hacer-clic-420x420.png 420w" sizes="auto, (max-width: 67px) 100vw, 67px" /></a></strong></span></h3>
</td>
</tr>
</tbody>
</table>
<h6 style="text-align: left;"></h6>
<p style="text-align: left;"><strong>Normas de PRESENTACIÓN de Comunicaciones durante el Congreso:<br />
</strong>Dispondrá de 5 minutos para defender cada comunicación.<br />
Puede utilizar un máximo de 2 diapositivas (pps) para cada comunicación.</p>
<ul>
<li>Diapositiva 1 &#8211; Material y métodos</li>
<li>Diapositiva 2 &#8211; Resultados y conclusiones</li>
</ul>
<hr />
<p><strong>HORARIO, SALA Y ORDEN DE EXPOSICIÓN de Comunicaciones durante el CONGRESO:</strong></p>
<p><strong><span style="color: #3366ff;">13:00 &#8211; 14:00 h.</span></strong></p>
<table width="633">
<tbody>
<tr>
<td width="633"><em><strong>Comunicaciones Orales 1 </strong></em><em>–</em> <span style="color: #008000;"><strong><u>Salón Francés<br />
</u></strong></span><strong><span style="color: #008000;">Moderadoras:<br />
</span></strong><strong>Dra. Ihintza Larrañaga.  </strong>Servicio de Endocrinología y Nutrición. Hospital Mendaro. OSI Debabarrena.<strong><br />
</strong><strong>Dra. Carmela Teresa Manrique.  </strong>Servicio de Endocrinología y Nutrición. Hospital Urduliz. OSI Uribe.</td>
</tr>
</tbody>
</table>
<p>&nbsp;</p>
<table width="633">
<tbody>
<tr>
<td width="28"></td>
<td width="605"><strong>Título</strong></td>
</tr>
<tr>
<td width="28">1</td>
<td width="605">La importancia de la educación diabetológica en pacientes con resistencia a la insulina grave: a propósito, un caso.</td>
</tr>
<tr>
<td width="28">2</td>
<td width="605">Diagnóstico de desnutrición por criterios GLIM en pacientes ingresados en oncología, digestivo y cirugía de OSI Barrualde-Galdakao.</td>
</tr>
<tr>
<td width="28">3</td>
<td width="605">Análisis clínico de los pacientes ingresados por patologías tumorales e inflamatorias en relación a la desnutrición relacionada con la enfermedad.</td>
</tr>
<tr>
<td width="28">4</td>
<td width="605">Codificación de desnutrición, sarcopenia, disfagia y gastrostomía en tres servicios del hospital Galdakao-Usansolo antes y durante la realización de un estudio de intervención nutricional.</td>
</tr>
<tr>
<td width="28">5</td>
<td width="605">Tiroiditis subaguda tras vacuna ARNm contra COVID-19</td>
</tr>
<tr>
<td width="28">6</td>
<td width="605">Estudio observacional de eficacia del tratamiento con el agonista del receptor de GLP1, dulaglutide, en pacientes con Diabetes mellitus tipo 2: Estudio en vida real en consultas de Endocrinología.</td>
</tr>
<tr>
<td width="28">7</td>
<td width="605">Impacto sobre el control glucémico de la implementación de sistemas de asa cerrada híbridos en pacientes con DM1 en nuestro medio.</td>
</tr>
<tr>
<td width="28">8</td>
<td width="605">¿Yo lipos? Nooooo.</td>
</tr>
<tr>
<td width="28">9</td>
<td width="605">Gestión de la función tiroidea durante el embarazo: Resultados obstétrico-perinatales.</td>
</tr>
<tr>
<td width="28">10</td>
<td width="605">Lipodistrofia parcial familiar tipo 2 o Síndrome de Dunnigan: caso clínico</td>
</tr>
<tr>
<td width="28">11</td>
<td width="605">Carcinoma diferenciado de tiroides (CDT): ¿irve la tiroglobulina (Tg) postoperatoria como factor para predecir la recidiva a largo plazo?</td>
</tr>
</tbody>
</table>
<p>&nbsp;</p>
<p><strong><span style="color: #3366ff;">13:00 &#8211; 14:00 h.</span></strong></p>
<table width="633">
<tbody>
<tr>
<td width="633"><em><strong>Comunicaciones Orales 2 </strong></em><em>–</em> <span style="color: #008000;"><strong><u><span style="color: #ff6600;">Salón Música</span><br />
</u></strong></span><strong><span style="color: #008000;">Moderadores:<br />
</span></strong><strong>Dr. Víctor de Diego.  </strong>Servicio de Endocrinología y Nutrición. Hospital Universitario Araba. OSI Araba.<strong><br />
</strong><strong>Dra. Leire Agea.  </strong>Servicio de Endocrinología y Nutrición. Hospital Universitario Araba. OSI Araba.</td>
</tr>
</tbody>
</table>
<p>&nbsp;</p>
<table width="633">
<tbody>
<tr>
<td width="28"></td>
<td width="605"><strong>Título</strong></td>
</tr>
<tr>
<td width="28">12</td>
<td width="605">Miopatía necrotizante: El precio de la estatinización masiva.</td>
</tr>
<tr>
<td width="28">13</td>
<td width="605">Ablación por radiofrecuencia como tratamiento del hiperparatiroidismo primario. A propósito de un caso.</td>
</tr>
<tr>
<td width="28">14</td>
<td width="605">Más allá del IMC: Valoración morfofuncional de los pacientes con distrofia miotónica tipo 1 y su relación con la escala MIRS.</td>
</tr>
<tr>
<td width="28">15</td>
<td width="605">Actividad de la unidad de Nutrición Clínica del H.U. Basurto desde su creación</td>
</tr>
<tr>
<td width="28">16</td>
<td width="605">Nutrición parenteral paliativa.</td>
</tr>
<tr>
<td width="28">17</td>
<td width="605">Locura mixedematosa: a propósito de un caso.</td>
</tr>
<tr>
<td width="28">18</td>
<td width="605">Caso clínico: Sepsis estafilocócica relacionada con el dispositivo FREESTYLE LIBRE.</td>
</tr>
<tr>
<td width="28">19</td>
<td width="605">Adecuación del control metabólico y tratamiento en pacientes ancianos con DM2 en función de su capacidad funcional y comorbilidad. COMETA-DM. Descripción de la población a estudio.</td>
</tr>
<tr>
<td width="28">20</td>
<td width="605">Cambios de tendencia en las características demográficas y morbilidad de la población transgénero de Euskadi</td>
</tr>
<tr>
<td width="28">21</td>
<td width="605">Diabetes insípida central familiar.</td>
</tr>
<tr>
<td width="28">22</td>
<td width="605">Fiabilidad del índice de Viteri como método de estimación del peso corporal.</td>
</tr>
</tbody>
</table>
<p>&nbsp;</p>
<p><strong>Recuerde tener su comunicación previamente cargada en el ordenador de la sala que le corresponde, por favor. Puede hacerlo antes del inicio de las conferencias y en la pausa café.</strong></p>
<p><strong>Secretaría<br />
</strong>Tisa Congresos &#8211; Tel.  944 243 997 <a href="mailto:sedyne@tisasa.es">sedyne@tisasa.es</a></p>

<p>FECHA LÍMITE DE RECEPCIÓN DE RESÚMENES DE COMUNICACIONES:     19-04-2022    21-04-2022 TODOS LOS RESÚMENES SE PRESENTARÁN A TRAVÉS DE LA WEB El resumen debe contener:  Introducción, Metodología, Resultados y Conclusiones. Máximo 4000 caracteres (con espacios). Tipo de letra: Arial 11. Los datos identificativos deben indicarse en el formulario.  En ningún caso deben incluirse en el resumen. [&hellip;]</p>
