{"id":2826,"date":"2024-10-31T09:17:21","date_gmt":"2024-10-31T08:17:21","guid":{"rendered":"https:\/\/www.sedyne.es\/?page_id=2826\/"},"modified":"2026-02-27T13:08:33","modified_gmt":"2026-02-27T12:08:33","slug":"comunicaciones-2026","status":"publish","type":"page","link":"https:\/\/www.sedyne.es\/es\/comunicaciones-2026\/","title":{"rendered":"Comunicaciones 2026"},"content":{"rendered":"<p style=\"text-align: justify;\"><strong>Normas de PRESENTACI\u00d3N de Comunicaciones durante el Congreso:<\/strong><\/p>\n<p style=\"text-align: justify;\">Dispondr\u00e1 de 10 minutos para cada comunicaci\u00f3n:\u00a0 7 minutos para presentarla y 3 para preguntas.<\/p>\n<p style=\"text-align: justify;\">Se presentar\u00e1n en sala las <strong>12 comunicaciones<\/strong> consideradas de mayor inter\u00e9s por el Comit\u00e9 Evaluador.<\/p>\n<p style=\"text-align: justify;\">Tanto las comunicaciones seleccionadas, como las no seleccionadas para su presentaci\u00f3n durante el congreso, aparecer\u00e1n publicadas en el libro de comunicaciones y tendr\u00e1n su correspondiente certificado.\u00a0\u00a0Ser\u00e1 requisito indispensable estar inscrito en el congreso.<\/p>\n<hr \/>\n<p style=\"text-align: justify;\"><strong>HORARIO, SALA Y ORDEN DE EXPOSICI\u00d3N de Comunicaciones durante el CONGRESO:<\/strong><\/p>\n<p style=\"text-align: justify;\">13:15 &#8211; 14:15 h.\u00a0 \u00a0Simult\u00e1neamente en salas Costa Vasca 1 y Costa Vasca 4.<\/p>\n<p style=\"text-align: justify;\"><strong>Recuerde tener su comunicaci\u00f3n previamente cargada en el ordenador de la sala que le corresponde, por favor. Puede hacerlo antes del inicio de las conferencias o en la pausa caf\u00e9.<\/strong><\/p>\n<p><span style=\"color: #339966;\"><strong>13:15 &#8211; 14:15 h. Costa Vasca 1<\/strong><\/span><br \/>\n<em><strong>Comunicaciones Orales. Mesa 1<\/strong><\/em><\/p>\n<p><strong>Moderadores:<\/strong><strong>\u00a0\u00a0<\/strong><br \/>\n<span style=\"color: #3366ff;\"><strong>Dr. Ignacio Merlo. <\/strong><\/span>Hospital Universitario Donostia.<br \/>\n<span style=\"color: #3366ff;\"><strong>D<\/strong><strong>r. Ane Amilibia. <\/strong><\/span>Hospital de Bidasoa.<\/p>\n<table style=\"height: 346px;\" width=\"453\">\n<tbody>\n<tr style=\"height: 24px;\">\n<td style=\"height: 24px;\" width=\"37\"><\/td>\n<td style=\"height: 24px;\" width=\"416\"><em><strong>T\u00edtulo<\/strong><\/em><\/td>\n<\/tr>\n<tr style=\"height: 65px;\">\n<td style=\"height: 65px;\" width=\"37\">1<\/td>\n<td style=\"height: 65px;\" width=\"416\">DETECCI\u00d3N DE ESTADIOS PRECL\u00cdNICOS DE DIABETES TIPO 1 EN POBLACI\u00d3N GENERAL Y FAMILIARES DE PRIMER GRADO DE PACIENTES AFECTOS<\/td>\n<\/tr>\n<tr style=\"height: 41px;\">\n<td style=\"height: 41px;\" width=\"37\">2<\/td>\n<td style=\"height: 41px;\" width=\"416\">FACTORES PREDICTORES DE HIPOGLUCEMIA EN PERSONAS CON DIABETES TIPO 1 Y SU RELEVANCIA PARA LA PR\u00c1CTICA ENFERMERA<\/td>\n<\/tr>\n<tr style=\"height: 48px;\">\n<td style=\"height: 48px;\" width=\"37\">3<\/td>\n<td style=\"height: 48px;\" width=\"416\">USO DE DAPAGLIFLOZINA EN DIABETES MELLITUS TIPO 1: RESULTADOS EN VIDA REAL<\/td>\n<\/tr>\n<tr style=\"height: 48px;\">\n<td style=\"height: 48px;\" width=\"37\">4<\/td>\n<td style=\"height: 48px;\" width=\"416\">RESULTADOS PRELIMINARES EN EL USO DE FINERENONA: LA ALBUMINURIA Y LA POTASEMIA<\/td>\n<\/tr>\n<tr style=\"height: 72px;\">\n<td style=\"height: 72px;\" width=\"37\">5<\/td>\n<td style=\"height: 72px;\" width=\"416\">IMPLEMENTACI\u00d3N DEL REGISTRO NACIONAL DE DIABETES TIPO 1 EN ESPA\u00d1A (RNDM1SPAIN): AN\u00c1LISIS EPIDEMIOL\u00d3GICO Y RESULTADOS COMPARATIVOS EN EUSKADI<\/td>\n<\/tr>\n<tr style=\"height: 48px;\">\n<td style=\"height: 48px;\" width=\"37\">6<\/td>\n<td style=\"height: 48px;\" width=\"416\">PERCEPCI\u00d3N SUBJETIVA DEL PACIENTE EN TRATAMIENTO CONTRA LA OBESIDAD: CUESTIONARIO DE COMEDOR EMOCIONAL (CCE-GARAULET)<\/td>\n<\/tr>\n<\/tbody>\n<\/table>\n<p style=\"text-align: center;\"><strong>____________<\/strong><\/p>\n<p><span style=\"color: #ff9900;\"><strong>13:15 &#8211; 14:15 h.\u00a0 <\/strong><strong>Costa Vasca 4<\/strong><\/span><br \/>\n<em><strong>Comunicaciones Orales. Mesa 2<\/strong><\/em><\/p>\n<p><strong>Moderadores:\u00a0<\/strong><br \/>\n<span style=\"color: #0000ff;\"><strong>Dra. Izaskun Olaizola.<\/strong><\/span> Hospital Universitario Donostia.<br \/>\n<span style=\"color: #0000ff;\"><strong>Dra. Inmaculada Venegas. <\/strong><\/span>Hospital de Zumarraga.<\/p>\n<table style=\"height: 341px;\" width=\"453\">\n<tbody>\n<tr style=\"height: 24px;\">\n<td style=\"height: 24px;\" width=\"35\"><\/td>\n<td style=\"height: 24px;\" width=\"419\"><strong><em>T\u00edtulo<\/em><\/strong><\/td>\n<\/tr>\n<tr style=\"height: 48px;\">\n<td style=\"height: 48px;\" width=\"35\">1<\/td>\n<td style=\"height: 48px;\" width=\"419\">IMPACTO CL\u00cdNICO DE LAS TERAPIAS DIRIGIDAS EN LA SUPERVIVENCIA DEL C\u00c1NCER ANAPL\u00c1SICO DE TIROIDES CON MUTACI\u00d3N BRAF<\/td>\n<\/tr>\n<tr style=\"height: 53px;\">\n<td style=\"height: 53px;\" width=\"35\">2<\/td>\n<td style=\"height: 53px;\" width=\"419\">EL GEN CACNA1H EN LA PREDISPOSICI\u00d3N GEN\u00c9TICA A FEOCROMOCITOMAS Y PARAGANGLIOMAS<\/td>\n<\/tr>\n<tr style=\"height: 48px;\">\n<td style=\"height: 48px;\" width=\"35\">3<\/td>\n<td style=\"height: 48px;\" width=\"419\">S\u00cdNDROME HIPOTAL\u00c1MICO EN PACIENTES INTERVENIDOS DE TUMORES SUPRASELARES<\/td>\n<\/tr>\n<tr style=\"height: 48px;\">\n<td style=\"height: 48px;\" width=\"35\">4<\/td>\n<td style=\"height: 48px;\" width=\"419\">VARIABILIDAD CL\u00cdNICA DE LA PATOLOG\u00cdA PARATIROIDEA ASOCIADA A VARIANTES EN EL GEN CDC73<\/td>\n<\/tr>\n<tr style=\"height: 48px;\">\n<td style=\"height: 48px;\" width=\"35\">5<\/td>\n<td style=\"height: 48px;\" width=\"419\">EVOLUCI\u00d3N DE PATRONES DE ACTIVIDAD F\u00cdSICA DURANTE EL PRIMER A\u00d1O TRAS CIRUG\u00cdA BARI\u00c1TRICA: UNA COHORTE PROSPECTIVA EN LA PR\u00c1CTICA CL\u00cdNICA REAL<\/td>\n<\/tr>\n<tr style=\"height: 24px;\">\n<td style=\"height: 24px;\" width=\"35\">6<\/td>\n<td style=\"height: 24px;\" width=\"419\">D\u00c9FICITS VITAM\u00cdNICOS PERSISTENTES EN LA INSUFICIENCIA INTESTINAL: EXPERIENCIA CON LA SUPLEMENTACI\u00d3N INTRAMUSCULAR<\/td>\n<\/tr>\n<\/tbody>\n<\/table>\n<p style=\"text-align: center;\">____________<\/p>\n<p style=\"text-align: left;\"><strong>Secretar\u00eda<\/strong><br \/>\nTisa Congresos &#8211; Tel. \u00a0944 243 997\u00a0<a href=\"mailto:sedyne@tisasa.es\">sedyne@tisasa.es<\/a><\/p>\n<p style=\"text-align: center;\">____________<\/p>\n<p><strong>\u00a0<\/strong><\/p>\n","protected":false},"excerpt":{"rendered":"<p>Normas de PRESENTACI\u00d3N de Comunicaciones durante el Congreso: Dispondr\u00e1 de 10 minutos para cada comunicaci\u00f3n:\u00a0 7 minutos para presentarla y 3 para preguntas. Se presentar\u00e1n en sala las 12 comunicaciones consideradas de mayor inter\u00e9s por el Comit\u00e9 Evaluador. Tanto las comunicaciones seleccionadas, como las no seleccionadas para su presentaci\u00f3n durante el congreso, aparecer\u00e1n publicadas en [&hellip;]<\/p>\n","protected":false},"author":120,"featured_media":0,"parent":0,"menu_order":0,"comment_status":"closed","ping_status":"closed","template":"","meta":{"footnotes":""},"class_list":["post-2826","page","type-page","status-publish","hentry"],"_links":{"self":[{"href":"https:\/\/www.sedyne.es\/es\/wp-json\/wp\/v2\/pages\/2826","targetHints":{"allow":["GET"]}}],"collection":[{"href":"https:\/\/www.sedyne.es\/es\/wp-json\/wp\/v2\/pages"}],"about":[{"href":"https:\/\/www.sedyne.es\/es\/wp-json\/wp\/v2\/types\/page"}],"author":[{"embeddable":true,"href":"https:\/\/www.sedyne.es\/es\/wp-json\/wp\/v2\/users\/120"}],"replies":[{"embeddable":true,"href":"https:\/\/www.sedyne.es\/es\/wp-json\/wp\/v2\/comments?post=2826"}],"version-history":[{"count":28,"href":"https:\/\/www.sedyne.es\/es\/wp-json\/wp\/v2\/pages\/2826\/revisions"}],"predecessor-version":[{"id":3774,"href":"https:\/\/www.sedyne.es\/es\/wp-json\/wp\/v2\/pages\/2826\/revisions\/3774"}],"wp:attachment":[{"href":"https:\/\/www.sedyne.es\/es\/wp-json\/wp\/v2\/media?parent=2826"}],"curies":[{"name":"wp","href":"https:\/\/api.w.org\/{rel}","templated":true}]}}

<p style="text-align: justify;"><strong>Normas de PRESENTACIÓN de Comunicaciones durante el Congreso:</strong></p>
<p style="text-align: justify;">Dispondrá de 10 minutos para cada comunicación:  7 minutos para presentarla y 3 para preguntas.</p>
<p style="text-align: justify;">Se presentarán en sala las <strong>12 comunicaciones</strong> consideradas de mayor interés por el Comité Evaluador.</p>
<p style="text-align: justify;">Tanto las comunicaciones seleccionadas, como las no seleccionadas para su presentación durante el congreso, aparecerán publicadas en el libro de comunicaciones y tendrán su correspondiente certificado.  Será requisito indispensable estar inscrito en el congreso.</p>
<hr />
<p style="text-align: justify;"><strong>HORARIO, SALA Y ORDEN DE EXPOSICIÓN de Comunicaciones durante el CONGRESO:</strong></p>
<p style="text-align: justify;">13:15 &#8211; 14:15 h.   Simultáneamente en salas Costa Vasca 1 y Costa Vasca 4.</p>
<p style="text-align: justify;"><strong>Recuerde tener su comunicación previamente cargada en el ordenador de la sala que le corresponde, por favor. Puede hacerlo antes del inicio de las conferencias o en la pausa café.</strong></p>
<p><span style="color: #339966;"><strong>13:15 &#8211; 14:15 h. Costa Vasca 1</strong></span><br />
<em><strong>Comunicaciones Orales. Mesa 1</strong></em></p>
<p><strong>Moderadores:</strong><strong>  </strong><br />
<span style="color: #3366ff;"><strong>Dr. Ignacio Merlo. </strong></span>Hospital Universitario Donostia.<br />
<span style="color: #3366ff;"><strong>D</strong><strong>r. Ane Amilibia. </strong></span>Hospital de Bidasoa.</p>
<table style="height: 346px;" width="453">
<tbody>
<tr style="height: 24px;">
<td style="height: 24px;" width="37"></td>
<td style="height: 24px;" width="416"><em><strong>Título</strong></em></td>
</tr>
<tr style="height: 65px;">
<td style="height: 65px;" width="37">1</td>
<td style="height: 65px;" width="416">DETECCIÓN DE ESTADIOS PRECLÍNICOS DE DIABETES TIPO 1 EN POBLACIÓN GENERAL Y FAMILIARES DE PRIMER GRADO DE PACIENTES AFECTOS</td>
</tr>
<tr style="height: 41px;">
<td style="height: 41px;" width="37">2</td>
<td style="height: 41px;" width="416">FACTORES PREDICTORES DE HIPOGLUCEMIA EN PERSONAS CON DIABETES TIPO 1 Y SU RELEVANCIA PARA LA PRÁCTICA ENFERMERA</td>
</tr>
<tr style="height: 48px;">
<td style="height: 48px;" width="37">3</td>
<td style="height: 48px;" width="416">USO DE DAPAGLIFLOZINA EN DIABETES MELLITUS TIPO 1: RESULTADOS EN VIDA REAL</td>
</tr>
<tr style="height: 48px;">
<td style="height: 48px;" width="37">4</td>
<td style="height: 48px;" width="416">RESULTADOS PRELIMINARES EN EL USO DE FINERENONA: LA ALBUMINURIA Y LA POTASEMIA</td>
</tr>
<tr style="height: 72px;">
<td style="height: 72px;" width="37">5</td>
<td style="height: 72px;" width="416">IMPLEMENTACIÓN DEL REGISTRO NACIONAL DE DIABETES TIPO 1 EN ESPAÑA (RNDM1SPAIN): ANÁLISIS EPIDEMIOLÓGICO Y RESULTADOS COMPARATIVOS EN EUSKADI</td>
</tr>
<tr style="height: 48px;">
<td style="height: 48px;" width="37">6</td>
<td style="height: 48px;" width="416">PERCEPCIÓN SUBJETIVA DEL PACIENTE EN TRATAMIENTO CONTRA LA OBESIDAD: CUESTIONARIO DE COMEDOR EMOCIONAL (CCE-GARAULET)</td>
</tr>
</tbody>
</table>
<p style="text-align: center;"><strong>____________</strong></p>
<p><span style="color: #ff9900;"><strong>13:15 &#8211; 14:15 h.  </strong><strong>Costa Vasca 4</strong></span><br />
<em><strong>Comunicaciones Orales. Mesa 2</strong></em></p>
<p><strong>Moderadores: </strong><br />
<span style="color: #0000ff;"><strong>Dra. Izaskun Olaizola.</strong></span> Hospital Universitario Donostia.<br />
<span style="color: #0000ff;"><strong>Dra. Inmaculada Venegas. </strong></span>Hospital de Zumarraga.</p>
<table style="height: 341px;" width="453">
<tbody>
<tr style="height: 24px;">
<td style="height: 24px;" width="35"></td>
<td style="height: 24px;" width="419"><strong><em>Título</em></strong></td>
</tr>
<tr style="height: 48px;">
<td style="height: 48px;" width="35">1</td>
<td style="height: 48px;" width="419">IMPACTO CLÍNICO DE LAS TERAPIAS DIRIGIDAS EN LA SUPERVIVENCIA DEL CÁNCER ANAPLÁSICO DE TIROIDES CON MUTACIÓN BRAF</td>
</tr>
<tr style="height: 53px;">
<td style="height: 53px;" width="35">2</td>
<td style="height: 53px;" width="419">EL GEN CACNA1H EN LA PREDISPOSICIÓN GENÉTICA A FEOCROMOCITOMAS Y PARAGANGLIOMAS</td>
</tr>
<tr style="height: 48px;">
<td style="height: 48px;" width="35">3</td>
<td style="height: 48px;" width="419">SÍNDROME HIPOTALÁMICO EN PACIENTES INTERVENIDOS DE TUMORES SUPRASELARES</td>
</tr>
<tr style="height: 48px;">
<td style="height: 48px;" width="35">4</td>
<td style="height: 48px;" width="419">VARIABILIDAD CLÍNICA DE LA PATOLOGÍA PARATIROIDEA ASOCIADA A VARIANTES EN EL GEN CDC73</td>
</tr>
<tr style="height: 48px;">
<td style="height: 48px;" width="35">5</td>
<td style="height: 48px;" width="419">EVOLUCIÓN DE PATRONES DE ACTIVIDAD FÍSICA DURANTE EL PRIMER AÑO TRAS CIRUGÍA BARIÁTRICA: UNA COHORTE PROSPECTIVA EN LA PRÁCTICA CLÍNICA REAL</td>
</tr>
<tr style="height: 24px;">
<td style="height: 24px;" width="35">6</td>
<td style="height: 24px;" width="419">DÉFICITS VITAMÍNICOS PERSISTENTES EN LA INSUFICIENCIA INTESTINAL: EXPERIENCIA CON LA SUPLEMENTACIÓN INTRAMUSCULAR</td>
</tr>
</tbody>
</table>
<p style="text-align: center;">____________</p>
<p style="text-align: left;"><strong>Secretaría</strong><br />
Tisa Congresos &#8211; Tel.  944 243 997 <a href="mailto:sedyne@tisasa.es">sedyne@tisasa.es</a></p>
<p style="text-align: center;">____________</p>
<p><strong> </strong></p>

<p>Normas de PRESENTACIÓN de Comunicaciones durante el Congreso: Dispondrá de 10 minutos para cada comunicación:  7 minutos para presentarla y 3 para preguntas. Se presentarán en sala las 12 comunicaciones consideradas de mayor interés por el Comité Evaluador. Tanto las comunicaciones seleccionadas, como las no seleccionadas para su presentación durante el congreso, aparecerán publicadas en [&hellip;]</p>
