{"id":61,"date":"2016-09-28T14:15:54","date_gmt":"2016-09-28T13:15:54","guid":{"rendered":"http:\/\/www.sedyne.es\/?page_id=61"},"modified":"2025-12-15T13:26:32","modified_gmt":"2025-12-15T12:26:32","slug":"congreso","status":"publish","type":"page","link":"https:\/\/www.sedyne.es\/es\/congreso\/","title":{"rendered":"Congreso"},"content":{"rendered":"<h2><strong>XXVII Congreso<\/strong> de la Sociedad de Endocrinolog\u00eda, Diabetes y Nutrici\u00f3n de Euskadi<\/h2>\n<h6><strong>Donostia\/San Sebasti\u00e1n, Hotel Barcel\u00f3 Costa Vasca.<\/strong><\/h6>\n<p>&nbsp;<\/p>\n<p style=\"text-align: justify;\">Querid\u00a9s compa\u00f1er\u00a9s y amig\u00a9s:<\/p>\n<p style=\"text-align: justify;\">Recibid estas l\u00edneas como saludo e invitaci\u00f3n al <strong>XXVII congreso de SEDyNE<\/strong> a celebrar en <strong>Donostia el d\u00eda 6 de marzo de 2026<\/strong>.<\/p>\n<p style=\"text-align: justify;\">Lejos queda ya el primer congreso de nuestra sociedad celebrado en febrero de 1997 en Bilbao.<\/p>\n<p style=\"text-align: justify;\">Es un buen momento para tener un reconocimiento hacia las personas que potenciaron la endocrinolog\u00eda en nuestra comunidad y fundaron SEDyNE. Profesionales con una excelente formaci\u00f3n y amplia experiencia, comprometidos, y referentes para nosotros en aquellos momentos iniciales. Nuestro recuerdo para los que no est\u00e1n ya entre nosotros.<\/p>\n<p style=\"text-align: justify;\">As\u00ed se impulsaron la endocrinolog\u00eda y la nutrici\u00f3n con un crecimiento progresivo, que mirando hacia atr\u00e1s, podemos considerarlo muy exitoso, ya que ha incorporado a un nutrido n\u00famero de especialistas en todos los hospitales de nuestra comunidad.<\/p>\n<p style=\"text-align: justify;\">Hemos preparado una jornada que deseamos sea de vuestro inter\u00e9s. Muchas de vuestras sugerencias las hemos tenido en cuenta a la hora de elaborar el programa. Pensamos que dar la palabra a miembros de nuestra sociedad nos enriquecer\u00e1 y nos permitir\u00e1 compartir experiencias innovadoras desarrolladas en nuestros hospitales. Nuestra intenci\u00f3n ha sido que la mayor\u00eda est\u00e9is representados.<\/p>\n<p style=\"text-align: justify;\">SEDyNE se ha rejuvenecido durante este ya largo camin<em>o<\/em> y la formaci\u00f3n de nuevos especialistas, ha crecido de forma constante. El futuro para la especialidad est\u00e1 asegurado y queda en buenas manos. Incorporar m\u00e1s procedimientos tecnol\u00f3gicos, es un reto a futuro dentro de nuestra cartera de servicios y el liderazgo de las nuevas generaciones lo va a hacer posible.<\/p>\n<p style=\"text-align: justify;\">Nuestro agradecimiento a las empresas que patrocinan este congreso. Sin su colaboraci\u00f3n econ\u00f3mica no hubiera sido posible realizarlo. Gracias a TISA por su apoyo log\u00edstico.<\/p>\n<p style=\"text-align: justify;\">Laister arte. Donostian ikusiko dugu elkar.<\/p>\n<p>&nbsp;<\/p>\n<p style=\"text-align: center;\"><strong>Alfredo Yoldi Arrieta<br \/>\n<\/strong>Presidente del Comit\u00e9 Organizador<\/p>\n<table>\n<tbody>\n<tr>\n<td style=\"vertical-align: top; width: 335px;\">\n<h3>COMIT\u00c9 ORGANIZADOR<\/h3>\n<p>Presidente:<br \/>\n<strong>Alfredo Yoldi Arrieta<\/strong><\/p>\n<p>Secretaria:<br \/>\n<strong>Cristina Garcia Delgado<\/strong><\/p>\n<p>Tesorera:<br \/>\n<strong>Maite Aranburu Calafell<\/strong><\/p>\n<p>Vocales:<br \/>\n<strong>Ane Amilibia Achucarro<br \/>\nLaura Chinchurreta Diez<br \/>\nMarcela Cordero Moscoso<br \/>\nNerea Diaz Melero<br \/>\nIsmene Bilbao Garay<br \/>\nIgnacio Merlo Pascual<br \/>\nAmaia Mendia Madina<br \/>\nSara Larrabeiti Martinez<br \/>\nJuan Antonio Martinez Martinez<br \/>\nInmaculada Venegas Nebreda<br \/>\nSaleta S\u00e1nchez Gonz\u00e1lez<br \/>\nTeresa Serrano Mu\u00f1oz<br \/>\nSusana Iba\u00f1ez Pardos<br \/>\nMaite P\u00e9rez de Ciriza<br \/>\nIzaskun Olaizola Iregui<br \/>\nNerea Ega\u00f1a Zunzunegui<\/strong><\/td>\n<td style=\"vertical-align: top; width: 297px;\">\n<h3>COMIT\u00c9 CIENT\u00cdFICO<\/h3>\n<p>Presidentas:<br \/>\n<strong>Yolanda Garc\u00eda Fern\u00e1ndez<\/strong><br \/>\n<strong>M\u00aa Carmen Fern\u00e1ndez L\u00f3pez<\/strong><\/p>\n<p>Secretaria:<br \/>\n<strong>Beatriz de Le\u00f3n Fuentes<\/strong><\/p>\n<p>Vocales:<br \/>\n<strong>Maite Aranburu Calafell<\/strong><br \/>\n<strong>Ismene Bilbao Garay<\/strong><br \/>\n<strong>Victor de Diego Sola<\/strong><br \/>\n<strong>Nerea Ega\u00f1a Zunzunegui<\/strong><br \/>\n<strong>Cristina Garc\u00eda Delgado<\/strong><br \/>\n<strong>Amaia Hidalgo Murillo<\/strong><br \/>\n<strong>Ihintza Larra\u00f1aga Unanue<\/strong><br \/>\n<strong>Mar\u00eda \u00c1ngeles Villahoz Iglesias<\/strong><\/td>\n<\/tr>\n<\/tbody>\n<\/table>\n<p>&nbsp;<\/p>\n","protected":false},"excerpt":{"rendered":"<p>XXVII Congreso de la Sociedad de Endocrinolog\u00eda, Diabetes y Nutrici\u00f3n de Euskadi Donostia\/San Sebasti\u00e1n, Hotel Barcel\u00f3 Costa Vasca. &nbsp; Querid\u00a9s compa\u00f1er\u00a9s y amig\u00a9s: Recibid estas l\u00edneas como saludo e invitaci\u00f3n al XXVII congreso de SEDyNE a celebrar en Donostia el d\u00eda 6 de marzo de 2026. Lejos queda ya el primer congreso de nuestra sociedad [&hellip;]<\/p>\n","protected":false},"author":120,"featured_media":0,"parent":0,"menu_order":0,"comment_status":"closed","ping_status":"closed","template":"","meta":{"footnotes":""},"class_list":["post-61","page","type-page","status-publish","hentry"],"_links":{"self":[{"href":"https:\/\/www.sedyne.es\/es\/wp-json\/wp\/v2\/pages\/61","targetHints":{"allow":["GET"]}}],"collection":[{"href":"https:\/\/www.sedyne.es\/es\/wp-json\/wp\/v2\/pages"}],"about":[{"href":"https:\/\/www.sedyne.es\/es\/wp-json\/wp\/v2\/types\/page"}],"author":[{"embeddable":true,"href":"https:\/\/www.sedyne.es\/es\/wp-json\/wp\/v2\/users\/120"}],"replies":[{"embeddable":true,"href":"https:\/\/www.sedyne.es\/es\/wp-json\/wp\/v2\/comments?post=61"}],"version-history":[{"count":49,"href":"https:\/\/www.sedyne.es\/es\/wp-json\/wp\/v2\/pages\/61\/revisions"}],"predecessor-version":[{"id":3646,"href":"https:\/\/www.sedyne.es\/es\/wp-json\/wp\/v2\/pages\/61\/revisions\/3646"}],"wp:attachment":[{"href":"https:\/\/www.sedyne.es\/es\/wp-json\/wp\/v2\/media?parent=61"}],"curies":[{"name":"wp","href":"https:\/\/api.w.org\/{rel}","templated":true}]}}

<h2><strong>XXVII Congreso</strong> de la Sociedad de Endocrinología, Diabetes y Nutrición de Euskadi</h2>
<h6><strong>Donostia/San Sebastián, Hotel Barceló Costa Vasca.</strong></h6>
<p>&nbsp;</p>
<p style="text-align: justify;">Querid©s compañer©s y amig©s:</p>
<p style="text-align: justify;">Recibid estas líneas como saludo e invitación al <strong>XXVII congreso de SEDyNE</strong> a celebrar en <strong>Donostia el día 6 de marzo de 2026</strong>.</p>
<p style="text-align: justify;">Lejos queda ya el primer congreso de nuestra sociedad celebrado en febrero de 1997 en Bilbao.</p>
<p style="text-align: justify;">Es un buen momento para tener un reconocimiento hacia las personas que potenciaron la endocrinología en nuestra comunidad y fundaron SEDyNE. Profesionales con una excelente formación y amplia experiencia, comprometidos, y referentes para nosotros en aquellos momentos iniciales. Nuestro recuerdo para los que no están ya entre nosotros.</p>
<p style="text-align: justify;">Así se impulsaron la endocrinología y la nutrición con un crecimiento progresivo, que mirando hacia atrás, podemos considerarlo muy exitoso, ya que ha incorporado a un nutrido número de especialistas en todos los hospitales de nuestra comunidad.</p>
<p style="text-align: justify;">Hemos preparado una jornada que deseamos sea de vuestro interés. Muchas de vuestras sugerencias las hemos tenido en cuenta a la hora de elaborar el programa. Pensamos que dar la palabra a miembros de nuestra sociedad nos enriquecerá y nos permitirá compartir experiencias innovadoras desarrolladas en nuestros hospitales. Nuestra intención ha sido que la mayoría estéis representados.</p>
<p style="text-align: justify;">SEDyNE se ha rejuvenecido durante este ya largo camin<em>o</em> y la formación de nuevos especialistas, ha crecido de forma constante. El futuro para la especialidad está asegurado y queda en buenas manos. Incorporar más procedimientos tecnológicos, es un reto a futuro dentro de nuestra cartera de servicios y el liderazgo de las nuevas generaciones lo va a hacer posible.</p>
<p style="text-align: justify;">Nuestro agradecimiento a las empresas que patrocinan este congreso. Sin su colaboración económica no hubiera sido posible realizarlo. Gracias a TISA por su apoyo logístico.</p>
<p style="text-align: justify;">Laister arte. Donostian ikusiko dugu elkar.</p>
<p>&nbsp;</p>
<p style="text-align: center;"><strong>Alfredo Yoldi Arrieta<br />
</strong>Presidente del Comité Organizador</p>
<table>
<tbody>
<tr>
<td style="vertical-align: top; width: 335px;">
<h3>COMITÉ ORGANIZADOR</h3>
<p>Presidente:<br />
<strong>Alfredo Yoldi Arrieta</strong></p>
<p>Secretaria:<br />
<strong>Cristina Garcia Delgado</strong></p>
<p>Tesorera:<br />
<strong>Maite Aranburu Calafell</strong></p>
<p>Vocales:<br />
<strong>Ane Amilibia Achucarro<br />
Laura Chinchurreta Diez<br />
Marcela Cordero Moscoso<br />
Nerea Diaz Melero<br />
Ismene Bilbao Garay<br />
Ignacio Merlo Pascual<br />
Amaia Mendia Madina<br />
Sara Larrabeiti Martinez<br />
Juan Antonio Martinez Martinez<br />
Inmaculada Venegas Nebreda<br />
Saleta Sánchez González<br />
Teresa Serrano Muñoz<br />
Susana Ibañez Pardos<br />
Maite Pérez de Ciriza<br />
Izaskun Olaizola Iregui<br />
Nerea Egaña Zunzunegui</strong></td>
<td style="vertical-align: top; width: 297px;">
<h3>COMITÉ CIENTÍFICO</h3>
<p>Presidentas:<br />
<strong>Yolanda García Fernández</strong><br />
<strong>Mª Carmen Fernández López</strong></p>
<p>Secretaria:<br />
<strong>Beatriz de León Fuentes</strong></p>
<p>Vocales:<br />
<strong>Maite Aranburu Calafell</strong><br />
<strong>Ismene Bilbao Garay</strong><br />
<strong>Victor de Diego Sola</strong><br />
<strong>Nerea Egaña Zunzunegui</strong><br />
<strong>Cristina García Delgado</strong><br />
<strong>Amaia Hidalgo Murillo</strong><br />
<strong>Ihintza Larrañaga Unanue</strong><br />
<strong>María Ángeles Villahoz Iglesias</strong></td>
</tr>
</tbody>
</table>
<p>&nbsp;</p>

<p>XXVII Congreso de la Sociedad de Endocrinología, Diabetes y Nutrición de Euskadi Donostia/San Sebastián, Hotel Barceló Costa Vasca. &nbsp; Querid©s compañer©s y amig©s: Recibid estas líneas como saludo e invitación al XXVII congreso de SEDyNE a celebrar en Donostia el día 6 de marzo de 2026. Lejos queda ya el primer congreso de nuestra sociedad [&hellip;]</p>
